{"id":85,"date":"2015-08-20T08:53:54","date_gmt":"2015-08-20T08:53:54","guid":{"rendered":"http:\/\/demos.artbees.net\/jupiter5\/autonoe\/?page_id=5"},"modified":"2021-10-26T11:17:20","modified_gmt":"2021-10-26T11:17:20","slug":"home","status":"publish","type":"page","link":"https:\/\/ubike.ubi.pt\/","title":{"rendered":"Home"},"content":{"rendered":"[vc_row fullwidth=&#8221;true&#8221; attached=&#8221;true&#8221; column_padding=&#8221;2&#8243; id=&#8221;about&#8221; css=&#8221;.vc_custom_1486397286002{padding-top: 2px !important;padding-right: 2px !important;padding-bottom: 2px !important;padding-left: 2px !important;}&#8221;][vc_column width=&#8221;1\/2&#8243;][mk_fancy_title color=&#8221;#111111&#8243; size=&#8221;24&#8243; font_weight=&#8221;bold&#8221; txt_transform=&#8221;capitalize&#8221; margin_top=&#8221;120&#8243; font_family=&#8221;Anonymous+Pro&#8221; font_type=&#8221;google&#8221; animation=&#8221;left-to-right&#8221;]\/\u00a0projeto[\/mk_fancy_title][vc_column_text]O Projeto U-BIKE Portugal foi desenvolvido no \u00e2mbito do Programa Operacional Sustentabilidade e Efici\u00eancia no Uso de Recursos (PO SEUR) e insere-se no Objetivo Espec\u00edfico (OE) de \u201cApoio \u00e0 implementa\u00e7\u00e3o de medidas de efici\u00eancia energ\u00e9tica e \u00e0 racionaliza\u00e7\u00e3o dos consumos nos transportes\u201d.<\/p>\n<p>Trata-se de um projeto de \u00e2mbito nacional coordenado pelo Instituto da Mobilidade e dos Transportes, I.P. (IMT), e que visa a redu\u00e7\u00e3o de consumo de energia, emiss\u00f5es de gases com efeito de estufa e poluentes atmosf\u00e9ricos atrav\u00e9s da promo\u00e7\u00e3o da mobilidade suave, em particular a bicicleta, nas comunidades acad\u00e9micas, atrav\u00e9s do apoio \u00e0 aquisi\u00e7\u00e3o de bicicletas para as institui\u00e7\u00f5es de ensino superior. Em paralelo, pretende tamb\u00e9m atrair a popula\u00e7\u00e3o para modos mais sustent\u00e1veis, alterando a reparti\u00e7\u00e3o modal, nomeadamente pela redu\u00e7\u00e3o do uso do autom\u00f3vel e simultaneamente melhorar a qualidade de vida dos cidad\u00e3os.<\/p>\n<p>&nbsp;<\/p>\n<p>As bicicletas ser\u00e3o distribu\u00eddas pela comunidade acad\u00e9mica da UBI (alunos, docentes, funcion\u00e1rios e colaboradores), com base em normas pr\u00e9-definidas pela institui\u00e7\u00e3o, em cumprimento com o Regulamento Geral do Projeto U-Bike Portugal.<\/p>\n<p>&nbsp;<\/p>\n<p>O Projeto U-BIKE &#8211; Opera\u00e7\u00e3o UBI prev\u00ea a aquisi\u00e7\u00e3o de 100 bicicletas el\u00e9tricas para sua disponibiliza\u00e7\u00e3o para utiliza\u00e7\u00e3o (por per\u00edodos de longa dura\u00e7\u00e3o) pela comunidade acad\u00e9mica, com o intuito de criar h\u00e1bitos regulares de utiliza\u00e7\u00e3o deste meio de transporte.<\/p>\n<p>O Projeto tem uma dura\u00e7\u00e3o de 24 meses e prev\u00ea uma redu\u00e7\u00e3o da emiss\u00e3o de CO<sub>2<\/sub> na malha urbana da Covilh\u00e3 de aproximadamente 20%.[\/vc_column_text][\/vc_column][vc_column width=&#8221;1\/2&#8243;][mk_image src=&#8221;http:\/\/ubike.ubi.pt\/wp-content\/uploads\/2015\/08\/pexels-photo-160273-2.jpeg&#8221; image_width=&#8221;393&#8243; image_height=&#8221;505&#8243;][\/vc_column][\/vc_row][vc_row fullwidth=&#8221;true&#8221; attached=&#8221;true&#8221; column_padding=&#8221;2&#8243; id=&#8221;register&#8221; css=&#8221;.vc_custom_1486397476767{padding-top: 2px !important;padding-right: 2px !important;padding-bottom: 2px !important;padding-left: 2px !important;}&#8221;][vc_column width=&#8221;2\/3&#8243;][mk_fancy_title color=&#8221;#111111&#8243; size=&#8221;24&#8243; font_weight=&#8221;bold&#8221; txt_transform=&#8221;capitalize&#8221; margin_top=&#8221;120&#8243; font_family=&#8221;Anonymous+Pro&#8221; font_type=&#8221;google&#8221; animation=&#8221;left-to-right&#8221;]\/\u00a0Pr\u00e9-ades\u00e3o[\/mk_fancy_title][vc_raw_html]JTNDaDMlM0UlM0NhJTIwaHJlZiUzRCUyMmh0dHBzJTNBJTJGJTJGZm9ybXMub2ZmaWNlLmNvbSUyRnIlMkZiaHo3UFBTVGdaJTIyJTNFUFQlM0ElMjBSZWdpc3RvJTIwVUJJS0UlM0MlMkZhJTNFJTIwJTNDJTJGaDMlM0UlMEElMjAlMEElM0NoMyUzRSUzQ2ElMjBocmVmJTNEJTIyaHR0cHMlM0ElMkYlMkZmb3Jtcy5vZmZpY2UuY29tJTJGciUyRlBLdDZIeWRWV1YlMjIlM0VFTiUzQSUyMFVCSUtFJTIwUmVnaXN0cmF0aW9uJTIwJTNDJTJGYSUzRSUyMCUzQyUyRmgzJTNFJTBBJTBB[\/vc_raw_html][\/vc_column][vc_column width=&#8221;1\/3&#8243;][\/vc_column][\/vc_row][vc_row fullwidth=&#8221;true&#8221; attached=&#8221;true&#8221; column_padding=&#8221;2&#8243; id=&#8221;team&#8221; css=&#8221;.vc_custom_1486397482979{padding-top: 2px !important;padding-right: 2px !important;padding-bottom: 2px !important;padding-left: 2px !important;}&#8221;][vc_column width=&#8221;2\/3&#8243;][mk_fancy_title color=&#8221;#111111&#8243; size=&#8221;24&#8243; font_weight=&#8221;bold&#8221; txt_transform=&#8221;capitalize&#8221; margin_top=&#8221;120&#8243; font_family=&#8221;Anonymous+Pro&#8221; font_type=&#8221;google&#8221; animation=&#8221;left-to-right&#8221;]\/\u00a0equipa[\/mk_fancy_title][mk_employees column=&#8221;4&#8243; count=&#8221;50&#8243; box_blur=&#8221;false&#8221;][\/vc_column][vc_column width=&#8221;1\/3&#8243;][\/vc_column][\/vc_row][vc_row fullwidth=&#8221;true&#8221; attached=&#8221;true&#8221; column_padding=&#8221;2&#8243; id=&#8221;contact&#8221; css=&#8221;.vc_custom_1486396790285{padding-top: 2px !important;padding-right: 2px !important;padding-bottom: 2px !important;padding-left: 2px !important;}&#8221;][vc_column width=&#8221;1\/2&#8243;][mk_fancy_title color=&#8221;#111111&#8243; size=&#8221;24&#8243; font_weight=&#8221;bold&#8221; txt_transform=&#8221;capitalize&#8221; margin_top=&#8221;40&#8243; margin_bottom=&#8221;18&#8243; font_family=&#8221;Anonymous+Pro&#8221; font_type=&#8221;google&#8221; animation=&#8221;left-to-right&#8221;]\/\u00a0contactos[\/mk_fancy_title][mk_fancy_title color=&#8221;#888888&#8243; size=&#8221;24&#8243; txt_transform=&#8221;none&#8221; margin_bottom=&#8221;18&#8243; font_family=&#8221;Anonymous+Pro&#8221; font_type=&#8221;google&#8221;]Universidade da Beira Interior[\/mk_fancy_title][vc_row_inner padding=&#8221;0&#8243;][vc_column_inner][mk_image src=&#8221;http:\/\/ubike.ubi.pt\/wp-content\/uploads\/2015\/08\/ubi-2.png&#8221; image_size=&#8221;full&#8221;][mk_fancy_title color=&#8221;#444444&#8243; txt_transform=&#8221;capitalize&#8221; margin_bottom=&#8221;0&#8243; font_family=&#8221;Anonymous+Pro&#8221; font_type=&#8221;google&#8221;]Morada: Convento de Santo Ant\u00f3nio, 6201-001 Covilh\u00e3 (Portugal)<\/p>\n<p>E-mail: <a href=\"mailto:ubike@ubi.pt\">ubike@ubi.pt<\/a><\/p>\n<p>Telefone: +351\u00a0275 329147 | +351 275329146[\/mk_fancy_title][mk_fancy_title color=&#8221;#444444&#8243; font_weight=&#8221;bold&#8221; txt_transform=&#8221;capitalize&#8221; margin_top=&#8221;20&#8243; margin_bottom=&#8221;0&#8243; font_family=&#8221;Anonymous+Pro&#8221; font_type=&#8221;google&#8221;]redes sociais[\/mk_fancy_title][mk_social_networks style=&#8221;simple&#8221; margin=&#8221;6&#8243; icon_color=&#8221;#777777&#8243; icon_hover_color=&#8221;#afafaf&#8221; facebook=&#8221;http:\/\/www.facebook.com\/UBI.pt&#8221; twitter=&#8221;https:\/\/twitter.com\/UBI_pt&#8221; rss=&#8221;http:\/\/www.ubi.pt\/rss&#8221; google_plus=&#8221;https:\/\/plus.google.com\/+ubipt\/posts&#8221; instagram=&#8221;https:\/\/www.instagram.com\/ubi_pt\/&#8221; linkedin=&#8221;https:\/\/www.linkedin.com\/edu\/school?id=16092&amp;trk=edu-cp-title&#8221; youtube=&#8221;http:\/\/www.youtube.com\/user\/UniverBeiraInterior&#8221;][\/vc_column_inner][\/vc_row_inner][\/vc_column][vc_column width=&#8221;1\/2&#8243;][mk_fancy_title color=&#8221;#111111&#8243; size=&#8221;24&#8243; font_weight=&#8221;bold&#8221; txt_transform=&#8221;capitalize&#8221; margin_top=&#8221;40&#8243; margin_bottom=&#8221;18&#8243; font_family=&#8221;Anonymous+Pro&#8221; font_type=&#8221;google&#8221; animation=&#8221;left-to-right&#8221;]\/ Coment\u00e1rios e Pedido de Esclarecimentos[\/mk_fancy_title][mk_contact_form captcha=&#8221;false&#8221;][\/vc_column][\/vc_row][vc_row][vc_column][mk_padding_divider][\/vc_column][\/vc_row][vc_row][vc_column width=&#8221;1\/4&#8243; css=&#8221;.vc_custom_1486399316503{padding-top: 20px !important;}&#8221;][vc_single_image image=&#8221;175&#8243; img_size=&#8221;471\u00d786&#8243; css=&#8221;.vc_custom_1486399284344{padding-top: 20px !important;}&#8221;][\/vc_column][vc_column width=&#8221;1\/4&#8243;][vc_single_image image=&#8221;187&#8243; img_size=&#8221;256\u00d7100&#8243;][\/vc_column][vc_column width=&#8221;1\/4&#8243; css=&#8221;.vc_custom_1486399342785{padding-top: 20px !important;}&#8221;][vc_single_image image=&#8221;185&#8243; img_size=&#8221;240\u00d773&#8243;][\/vc_column][vc_column width=&#8221;1\/4&#8243; css=&#8221;.vc_custom_1486399438429{padding-top: 20px !important;}&#8221;][vc_single_image image=&#8221;189&#8243; img_size=&#8221;116*80&#8243;][\/vc_column][\/vc_row]\n","protected":false},"excerpt":{"rendered":"<p>[vc_row fullwidth=&#8221;true&#8221; attached=&#8221;true&#8221; column_padding=&#8221;2&#8243; id=&#8221;about&#8221; css=&#8221;.vc_custom_1486397286002{padding-top: 2px !important;padding-right: 2px !important;padding-bottom: 2px !important;padding-left: 2px !important;}&#8221;][vc_column width=&#8221;1\/2&#8243;][mk_fancy_title color=&#8221;#111111&#8243; size=&#8221;24&#8243; font_weight=&#8221;bold&#8221; txt_transform=&#8221;capitalize&#8221; margin_top=&#8221;120&#8243; font_family=&#8221;Anonymous+Pro&#8221; font_type=&#8221;google&#8221; animation=&#8221;left-to-right&#8221;]\/\u00a0projeto[\/mk_fancy_title][vc_column_text]O Projeto U-BIKE Portugal foi desenvolvido no \u00e2mbito do Programa Operacional Sustentabilidade e Efici\u00eancia no Uso de Recursos (PO SEUR) e insere-se no Objetivo Espec\u00edfico (OE) de \u201cApoio \u00e0 implementa\u00e7\u00e3o de medidas de [&hellip;]<\/p>\n","protected":false},"author":2,"featured_media":0,"parent":0,"menu_order":0,"comment_status":"open","ping_status":"closed","template":"","meta":{"footnotes":""},"class_list":["post-85","page","type-page","status-publish","hentry"],"_links":{"self":[{"href":"https:\/\/ubike.ubi.pt\/index.php?rest_route=\/wp\/v2\/pages\/85","targetHints":{"allow":["GET"]}}],"collection":[{"href":"https:\/\/ubike.ubi.pt\/index.php?rest_route=\/wp\/v2\/pages"}],"about":[{"href":"https:\/\/ubike.ubi.pt\/index.php?rest_route=\/wp\/v2\/types\/page"}],"author":[{"embeddable":true,"href":"https:\/\/ubike.ubi.pt\/index.php?rest_route=\/wp\/v2\/users\/2"}],"replies":[{"embeddable":true,"href":"https:\/\/ubike.ubi.pt\/index.php?rest_route=%2Fwp%2Fv2%2Fcomments&post=85"}],"version-history":[{"count":27,"href":"https:\/\/ubike.ubi.pt\/index.php?rest_route=\/wp\/v2\/pages\/85\/revisions"}],"predecessor-version":[{"id":333,"href":"https:\/\/ubike.ubi.pt\/index.php?rest_route=\/wp\/v2\/pages\/85\/revisions\/333"}],"wp:attachment":[{"href":"https:\/\/ubike.ubi.pt\/index.php?rest_route=%2Fwp%2Fv2%2Fmedia&parent=85"}],"curies":[{"name":"wp","href":"https:\/\/api.w.org\/{rel}","templated":true}]}}

[vc_row fullwidth=&#8221;true&#8221; attached=&#8221;true&#8221; column_padding=&#8221;2&#8243; id=&#8221;about&#8221; css=&#8221;.vc_custom_1486397286002{padding-top: 2px !important;padding-right: 2px !important;padding-bottom: 2px !important;padding-left: 2px !important;}&#8221;][vc_column width=&#8221;1/2&#8243;][mk_fancy_title color=&#8221;#111111&#8243; size=&#8221;24&#8243; font_weight=&#8221;bold&#8221; txt_transform=&#8221;capitalize&#8221; margin_top=&#8221;120&#8243; font_family=&#8221;Anonymous+Pro&#8221; font_type=&#8221;google&#8221; animation=&#8221;left-to-right&#8221;]/ projeto[/mk_fancy_title][vc_column_text]O Projeto U-BIKE Portugal foi desenvolvido no âmbito do Programa Operacional Sustentabilidade e Eficiência no Uso de Recursos (PO SEUR) e insere-se no Objetivo Específico (OE) de “Apoio à implementação de medidas de eficiência energética e à racionalização dos consumos nos transportes”.</p>
<p>Trata-se de um projeto de âmbito nacional coordenado pelo Instituto da Mobilidade e dos Transportes, I.P. (IMT), e que visa a redução de consumo de energia, emissões de gases com efeito de estufa e poluentes atmosféricos através da promoção da mobilidade suave, em particular a bicicleta, nas comunidades académicas, através do apoio à aquisição de bicicletas para as instituições de ensino superior. Em paralelo, pretende também atrair a população para modos mais sustentáveis, alterando a repartição modal, nomeadamente pela redução do uso do automóvel e simultaneamente melhorar a qualidade de vida dos cidadãos.</p>
<p>&nbsp;</p>
<p>As bicicletas serão distribuídas pela comunidade académica da UBI (alunos, docentes, funcionários e colaboradores), com base em normas pré-definidas pela instituição, em cumprimento com o Regulamento Geral do Projeto U-Bike Portugal.</p>
<p>&nbsp;</p>
<p>O Projeto U-BIKE &#8211; Operação UBI prevê a aquisição de 100 bicicletas elétricas para sua disponibilização para utilização (por períodos de longa duração) pela comunidade académica, com o intuito de criar hábitos regulares de utilização deste meio de transporte.</p>
<p>O Projeto tem uma duração de 24 meses e prevê uma redução da emissão de CO<sub>2</sub> na malha urbana da Covilhã de aproximadamente 20%.[/vc_column_text][/vc_column][vc_column width=&#8221;1/2&#8243;][mk_image src=&#8221;http://ubike.ubi.pt/wp-content/uploads/2015/08/pexels-photo-160273-2.jpeg&#8221; image_width=&#8221;393&#8243; image_height=&#8221;505&#8243;][/vc_column][/vc_row][vc_row fullwidth=&#8221;true&#8221; attached=&#8221;true&#8221; column_padding=&#8221;2&#8243; id=&#8221;register&#8221; css=&#8221;.vc_custom_1486397476767{padding-top: 2px !important;padding-right: 2px !important;padding-bottom: 2px !important;padding-left: 2px !important;}&#8221;][vc_column width=&#8221;2/3&#8243;][mk_fancy_title color=&#8221;#111111&#8243; size=&#8221;24&#8243; font_weight=&#8221;bold&#8221; txt_transform=&#8221;capitalize&#8221; margin_top=&#8221;120&#8243; font_family=&#8221;Anonymous+Pro&#8221; font_type=&#8221;google&#8221; animation=&#8221;left-to-right&#8221;]/ Pré-adesão[/mk_fancy_title][vc_raw_html]JTNDaDMlM0UlM0NhJTIwaHJlZiUzRCUyMmh0dHBzJTNBJTJGJTJGZm9ybXMub2ZmaWNlLmNvbSUyRnIlMkZiaHo3UFBTVGdaJTIyJTNFUFQlM0ElMjBSZWdpc3RvJTIwVUJJS0UlM0MlMkZhJTNFJTIwJTNDJTJGaDMlM0UlMEElMjAlMEElM0NoMyUzRSUzQ2ElMjBocmVmJTNEJTIyaHR0cHMlM0ElMkYlMkZmb3Jtcy5vZmZpY2UuY29tJTJGciUyRlBLdDZIeWRWV1YlMjIlM0VFTiUzQSUyMFVCSUtFJTIwUmVnaXN0cmF0aW9uJTIwJTNDJTJGYSUzRSUyMCUzQyUyRmgzJTNFJTBBJTBB[/vc_raw_html][/vc_column][vc_column width=&#8221;1/3&#8243;][/vc_column][/vc_row][vc_row fullwidth=&#8221;true&#8221; attached=&#8221;true&#8221; column_padding=&#8221;2&#8243; id=&#8221;team&#8221; css=&#8221;.vc_custom_1486397482979{padding-top: 2px !important;padding-right: 2px !important;padding-bottom: 2px !important;padding-left: 2px !important;}&#8221;][vc_column width=&#8221;2/3&#8243;][mk_fancy_title color=&#8221;#111111&#8243; size=&#8221;24&#8243; font_weight=&#8221;bold&#8221; txt_transform=&#8221;capitalize&#8221; margin_top=&#8221;120&#8243; font_family=&#8221;Anonymous+Pro&#8221; font_type=&#8221;google&#8221; animation=&#8221;left-to-right&#8221;]/ equipa[/mk_fancy_title][mk_employees column=&#8221;4&#8243; count=&#8221;50&#8243; box_blur=&#8221;false&#8221;][/vc_column][vc_column width=&#8221;1/3&#8243;][/vc_column][/vc_row][vc_row fullwidth=&#8221;true&#8221; attached=&#8221;true&#8221; column_padding=&#8221;2&#8243; id=&#8221;contact&#8221; css=&#8221;.vc_custom_1486396790285{padding-top: 2px !important;padding-right: 2px !important;padding-bottom: 2px !important;padding-left: 2px !important;}&#8221;][vc_column width=&#8221;1/2&#8243;][mk_fancy_title color=&#8221;#111111&#8243; size=&#8221;24&#8243; font_weight=&#8221;bold&#8221; txt_transform=&#8221;capitalize&#8221; margin_top=&#8221;40&#8243; margin_bottom=&#8221;18&#8243; font_family=&#8221;Anonymous+Pro&#8221; font_type=&#8221;google&#8221; animation=&#8221;left-to-right&#8221;]/ contactos[/mk_fancy_title][mk_fancy_title color=&#8221;#888888&#8243; size=&#8221;24&#8243; txt_transform=&#8221;none&#8221; margin_bottom=&#8221;18&#8243; font_family=&#8221;Anonymous+Pro&#8221; font_type=&#8221;google&#8221;]Universidade da Beira Interior[/mk_fancy_title][vc_row_inner padding=&#8221;0&#8243;][vc_column_inner][mk_image src=&#8221;http://ubike.ubi.pt/wp-content/uploads/2015/08/ubi-2.png&#8221; image_size=&#8221;full&#8221;][mk_fancy_title color=&#8221;#444444&#8243; txt_transform=&#8221;capitalize&#8221; margin_bottom=&#8221;0&#8243; font_family=&#8221;Anonymous+Pro&#8221; font_type=&#8221;google&#8221;]Morada: Convento de Santo António, 6201-001 Covilhã (Portugal)</p>
<p>E-mail: <a href="mailto:ubike@ubi.pt">ubike@ubi.pt</a></p>
<p>Telefone: +351 275 329147 | +351 275329146[/mk_fancy_title][mk_fancy_title color=&#8221;#444444&#8243; font_weight=&#8221;bold&#8221; txt_transform=&#8221;capitalize&#8221; margin_top=&#8221;20&#8243; margin_bottom=&#8221;0&#8243; font_family=&#8221;Anonymous+Pro&#8221; font_type=&#8221;google&#8221;]redes sociais[/mk_fancy_title][mk_social_networks style=&#8221;simple&#8221; margin=&#8221;6&#8243; icon_color=&#8221;#777777&#8243; icon_hover_color=&#8221;#afafaf&#8221; facebook=&#8221;http://www.facebook.com/UBI.pt&#8221; twitter=&#8221;https://twitter.com/UBI_pt&#8221; rss=&#8221;http://www.ubi.pt/rss&#8221; google_plus=&#8221;https://plus.google.com/+ubipt/posts&#8221; instagram=&#8221;https://www.instagram.com/ubi_pt/&#8221; linkedin=&#8221;https://www.linkedin.com/edu/school?id=16092&amp;trk=edu-cp-title&#8221; youtube=&#8221;http://www.youtube.com/user/UniverBeiraInterior&#8221;][/vc_column_inner][/vc_row_inner][/vc_column][vc_column width=&#8221;1/2&#8243;][mk_fancy_title color=&#8221;#111111&#8243; size=&#8221;24&#8243; font_weight=&#8221;bold&#8221; txt_transform=&#8221;capitalize&#8221; margin_top=&#8221;40&#8243; margin_bottom=&#8221;18&#8243; font_family=&#8221;Anonymous+Pro&#8221; font_type=&#8221;google&#8221; animation=&#8221;left-to-right&#8221;]/ Comentários e Pedido de Esclarecimentos[/mk_fancy_title][mk_contact_form captcha=&#8221;false&#8221;][/vc_column][/vc_row][vc_row][vc_column][mk_padding_divider][/vc_column][/vc_row][vc_row][vc_column width=&#8221;1/4&#8243; css=&#8221;.vc_custom_1486399316503{padding-top: 20px !important;}&#8221;][vc_single_image image=&#8221;175&#8243; img_size=&#8221;471×86&#8243; css=&#8221;.vc_custom_1486399284344{padding-top: 20px !important;}&#8221;][/vc_column][vc_column width=&#8221;1/4&#8243;][vc_single_image image=&#8221;187&#8243; img_size=&#8221;256×100&#8243;][/vc_column][vc_column width=&#8221;1/4&#8243; css=&#8221;.vc_custom_1486399342785{padding-top: 20px !important;}&#8221;][vc_single_image image=&#8221;185&#8243; img_size=&#8221;240×73&#8243;][/vc_column][vc_column width=&#8221;1/4&#8243; css=&#8221;.vc_custom_1486399438429{padding-top: 20px !important;}&#8221;][vc_single_image image=&#8221;189&#8243; img_size=&#8221;116*80&#8243;][/vc_column][/vc_row]

<p>[vc_row fullwidth=&#8221;true&#8221; attached=&#8221;true&#8221; column_padding=&#8221;2&#8243; id=&#8221;about&#8221; css=&#8221;.vc_custom_1486397286002{padding-top: 2px !important;padding-right: 2px !important;padding-bottom: 2px !important;padding-left: 2px !important;}&#8221;][vc_column width=&#8221;1/2&#8243;][mk_fancy_title color=&#8221;#111111&#8243; size=&#8221;24&#8243; font_weight=&#8221;bold&#8221; txt_transform=&#8221;capitalize&#8221; margin_top=&#8221;120&#8243; font_family=&#8221;Anonymous+Pro&#8221; font_type=&#8221;google&#8221; animation=&#8221;left-to-right&#8221;]/ projeto[/mk_fancy_title][vc_column_text]O Projeto U-BIKE Portugal foi desenvolvido no âmbito do Programa Operacional Sustentabilidade e Eficiência no Uso de Recursos (PO SEUR) e insere-se no Objetivo Específico (OE) de “Apoio à implementação de medidas de [&hellip;]</p>
